{"id":905,"date":"2018-04-15T19:28:03","date_gmt":"2018-04-15T17:28:03","guid":{"rendered":"https:\/\/ftpabmp31.wordpress.com\/?page_id=905"},"modified":"2021-01-03T20:26:00","modified_gmt":"2021-01-03T19:26:00","slug":"temoignages","status":"publish","type":"page","link":"https:\/\/aboccitanie.fr\/?page_id=905","title":{"rendered":"T\u00e9moignages"},"content":{"rendered":"<h3 style=\"text-align: center;\"><span style=\"color: #339966;\">Rompre l&rsquo;isolement<\/span><\/h3>\n<blockquote>\n<p style=\"text-align: center;\">\u00ab\u00a0&#8230; C&rsquo;est aussi un moyen de rompre l&rsquo;isolement dans lequel on tomberait assez facilement : le quotidien \u00e0 la maison change, il est parfois lourd notamment lors des repas. Or lors des groupes on a beaucoup discut\u00e9 sur la n\u00e9cessit\u00e9 de se pr\u00e9server, de penser \u00e0 soi&#8230;\u00a0\u00bb<\/p>\n<\/blockquote>\n<p>&nbsp;<\/p>\n<h3 style=\"text-align: center;\"><span style=\"color: #339966;\">\u00c9changer pour s&rsquo;entraider<\/span><\/h3>\n<blockquote>\n<p style=\"text-align: center;\">\u00ab\u00a0&#8230; Pouvoir parler avec des personnes qui vivent des situations semblables ou proches, et qui de ce fait vont nous comprendre et nous aider&#8230;\u00a0\u00bb<\/p>\n<\/blockquote>\n<p>&nbsp;<\/p>\n<h3 style=\"text-align: center;\"><span style=\"color: #339966;\">Regonfl\u00e9s et apais\u00e9s<\/span><\/h3>\n<blockquote>\n<p style=\"text-align: center;\">&#8230; On revient des groupes d&rsquo;accueil regonfl\u00e9s et apais\u00e9s&#8230;\u00a0\u00bb<\/p>\n<\/blockquote>\n<p>&nbsp;<\/p>\n<h3 style=\"text-align: center;\"><span style=\"color: #339966;\">Am\u00e9liorer le quotidien<\/span><\/h3>\n<blockquote>\n<p style=\"text-align: center;\">\u00ab\u00a0&#8230; Dans notre quotidien cela a progressivement am\u00e9lior\u00e9 les relations entre nous tous et nous a permis de mieux comprendre notre enfant et de nous parler \u00e0 nouveau. Les points positifs ont \u00e9t\u00e9 de faire retomber la pression et l&rsquo;agressivit\u00e9 que cette incompr\u00e9hension engendrait &#8230;\u00a0\u00bb<\/p>\n<\/blockquote>\n<p>&nbsp;<\/p>\n<p>&nbsp;<\/p>\n","protected":false},"excerpt":{"rendered":"<p>Rompre l&rsquo;isolement \u00ab\u00a0&#8230; C&rsquo;est aussi un moyen de rompre l&rsquo;isolement dans lequel on tomberait assez facilement : le quotidien \u00e0 la maison change, il est parfois lourd notamment lors des repas. Or lors des groupes on a beaucoup discut\u00e9 sur&#8230; <a class=\"more-link\" href=\"https:\/\/aboccitanie.fr\/?page_id=905\">Continue Reading &rarr;<\/a><\/p>\n","protected":false},"author":1,"featured_media":0,"parent":0,"menu_order":0,"comment_status":"closed","ping_status":"closed","template":"","meta":{"footnotes":""},"class_list":["post-905","page","type-page","status-publish","hentry"],"_links":{"self":[{"href":"https:\/\/aboccitanie.fr\/index.php?rest_route=\/wp\/v2\/pages\/905","targetHints":{"allow":["GET"]}}],"collection":[{"href":"https:\/\/aboccitanie.fr\/index.php?rest_route=\/wp\/v2\/pages"}],"about":[{"href":"https:\/\/aboccitanie.fr\/index.php?rest_route=\/wp\/v2\/types\/page"}],"author":[{"embeddable":true,"href":"https:\/\/aboccitanie.fr\/index.php?rest_route=\/wp\/v2\/users\/1"}],"replies":[{"embeddable":true,"href":"https:\/\/aboccitanie.fr\/index.php?rest_route=%2Fwp%2Fv2%2Fcomments&post=905"}],"version-history":[{"count":1,"href":"https:\/\/aboccitanie.fr\/index.php?rest_route=\/wp\/v2\/pages\/905\/revisions"}],"predecessor-version":[{"id":1591,"href":"https:\/\/aboccitanie.fr\/index.php?rest_route=\/wp\/v2\/pages\/905\/revisions\/1591"}],"wp:attachment":[{"href":"https:\/\/aboccitanie.fr\/index.php?rest_route=%2Fwp%2Fv2%2Fmedia&parent=905"}],"curies":[{"name":"wp","href":"https:\/\/api.w.org\/{rel}","templated":true}]}}

Témoignages

<h3 style="text-align: center;"><span style="color: #339966;">Rompre l&rsquo;isolement</span></h3>
<blockquote>
<p style="text-align: center;">« &#8230; C&rsquo;est aussi un moyen de rompre l&rsquo;isolement dans lequel on tomberait assez facilement : le quotidien à la maison change, il est parfois lourd notamment lors des repas. Or lors des groupes on a beaucoup discuté sur la nécessité de se préserver, de penser à soi&#8230; »</p>
</blockquote>
<p>&nbsp;</p>
<h3 style="text-align: center;"><span style="color: #339966;">Échanger pour s&rsquo;entraider</span></h3>
<blockquote>
<p style="text-align: center;">« &#8230; Pouvoir parler avec des personnes qui vivent des situations semblables ou proches, et qui de ce fait vont nous comprendre et nous aider&#8230; »</p>
</blockquote>
<p>&nbsp;</p>
<h3 style="text-align: center;"><span style="color: #339966;">Regonflés et apaisés</span></h3>
<blockquote>
<p style="text-align: center;">&#8230; On revient des groupes d&rsquo;accueil regonflés et apaisés&#8230; »</p>
</blockquote>
<p>&nbsp;</p>
<h3 style="text-align: center;"><span style="color: #339966;">Améliorer le quotidien</span></h3>
<blockquote>
<p style="text-align: center;">« &#8230; Dans notre quotidien cela a progressivement amélioré les relations entre nous tous et nous a permis de mieux comprendre notre enfant et de nous parler à nouveau. Les points positifs ont été de faire retomber la pression et l&rsquo;agressivité que cette incompréhension engendrait &#8230; »</p>
</blockquote>
<p>&nbsp;</p>
<p>&nbsp;</p>

<p>Rompre l&rsquo;isolement « &#8230; C&rsquo;est aussi un moyen de rompre l&rsquo;isolement dans lequel on tomberait assez facilement : le quotidien à la maison change, il est parfois lourd notamment lors des repas. Or lors des groupes on a beaucoup discuté sur&#8230; <a class="more-link" href="https://aboccitanie.fr/?page_id=905">Continue Reading &rarr;</a></p>
