{"id":508,"date":"2018-03-29T09:38:52","date_gmt":"2018-03-29T09:38:52","guid":{"rendered":"https:\/\/ftpabmp31.wordpress.com\/?page_id=508"},"modified":"2018-09-18T12:50:00","modified_gmt":"2018-09-18T10:50:00","slug":"boulimie","status":"publish","type":"page","link":"https:\/\/aboccitanie.fr\/?page_id=508","title":{"rendered":"Boulimie"},"content":{"rendered":"<h1><\/h1>\n<h3><span style=\"color: #339966;\">La boulimie, c&rsquo;est quoi ?<\/span><\/h3>\n<p>On distingue\u00a0 deux types de boulimie :<\/p>\n<ul>\n<li>\n<div>la <span style=\"color: #339966;\"><strong>boulimie avec vomissements<\/strong><\/span> o\u00f9 le poids est normal ou l\u00e9g\u00e8rement inf\u00e9rieur \u00e0 la normale et qui correspond aux deux tiers des cas<\/div>\n<\/li>\n<li>\n<div>la<span style=\"color: #339966;\"> <strong>boulimie sans vomissement<\/strong><\/span> o\u00f9 le poids est normal ou l\u00e9g\u00e8rement sup\u00e9rieur \u00e0 la normale.<\/div>\n<\/li>\n<\/ul>\n<p>Pour faire le diagnostic de boulimie on recherche essentiellement trois crit\u00e8res\u00a0:<\/p>\n<ul>\n<li>\n<div>Il y a d&rsquo;abord la <strong>crise de boulimie<\/strong> elle-m\u00eame qui associe <strong>l&rsquo;\u00e9pisode hyperphagique<\/strong> (ingestion d&rsquo;une grande quantit\u00e9 d&rsquo;aliments dans un temps assez court) et le <strong>sentiment d&rsquo;une perte du contr\u00f4le alimentaire<\/strong> \u00e0 ce moment-l\u00e0 (de ne pas contr\u00f4ler la quantit\u00e9, de ne pas pouvoir s&rsquo;arr\u00eater). Cette crise se fait en cachette.<\/div>\n<\/li>\n<li>\n<div>Un <strong>comportement compensatoire<\/strong> pour pr\u00e9venir la prise de poids (vomissements, je\u00fbne, prise de m\u00e9dicaments, exercices physiques excessifs).<\/div>\n<\/li>\n<li>\n<div>Car comme dans l&rsquo;anorexie il y a une <strong>perturbation de l&rsquo;image corporelle<\/strong> (dysmorphophobie) qui se traduit ici surtout par cette obsession et cette peur panique de prendre du poids.<\/div>\n<\/li>\n<\/ul>\n<p>L&rsquo;\u00e2ge de survenue le plus fr\u00e9quent se situe <strong>entre 18-20 ans<\/strong>. La boulimie masculine est plus rare (environ un homme pour dix femmes).<\/p>\n<p>En g\u00e9n\u00e9ral les boulimiques font au moins deux crises par semaine et peuvent faire jusqu&rsquo;\u00e0 plusieurs crises chaque jour. Il existe plus rarement des \u00e9pisodes o\u00f9 les crises s&rsquo;encha\u00eenent parfois jour et nuit : on parle alors d&rsquo;\u00e9tat de mal boulimique.<\/p>\n<p>&nbsp;<\/p>\n<h3><span style=\"color: #339966;\">La boulimie, pourquoi ?<\/span><\/h3>\n<p>On ne peut comprendre la boulimie sans la relier \u00e0 l&rsquo;anorexie. D&rsquo;abord parce qu&rsquo;une fois sur deux, des <strong>crises de boulimie \u00e9maillent les \u00e9pisodes anorexiques<\/strong>. Ensuite parce que tr\u00e8s souvent on retrouve dans les ant\u00e9c\u00e9dents d&rsquo;un patient boulimique, un court \u00e9pisode anorexique pass\u00e9 inaper\u00e7u. Comme nous l&rsquo;avons d\u00e9velopp\u00e9 dans le chapitre sur l&rsquo;anorexie il s&rsquo;agit d&rsquo;un <strong>d\u00e9placement de l&rsquo;investissement affectif vers des pr\u00e9occupations alimentaires<\/strong>. \u00ab\u00a0L&rsquo;objet\u00a0\u00bb alimentaire, sur-investi, occupe alors tout le champ de la conscience. Mais, \u00e0 la diff\u00e9rence de l&rsquo;anorexique, qui se sent toujours trop\u00a0 \u00ab\u00a0grosse de ses envies\u00a0\u00bb et\u00a0 cherche \u00e0 maigrir sans fin, il y a dans la boulimie perte de cette ma\u00eetrise. Le passage \u00e0 l&rsquo;acte se termine alors par une sensation de <strong>malaise<\/strong>, bien s\u00fbr <strong>physique<\/strong> (la sensation d&rsquo;avoir trop mang\u00e9), mais aussi <strong>psychique <\/strong>avec des id\u00e9es de <strong>culpabilit\u00e9<\/strong> et d&rsquo;<strong>auto-d\u00e9pr\u00e9ciation<\/strong>.<\/p>\n<p>[d\u00e9finition extraite du site Internet de l&rsquo;AFDAS-TCA]<\/p>\n","protected":false},"excerpt":{"rendered":"<p>La boulimie, c&rsquo;est quoi ? On distingue\u00a0 deux types de boulimie : la boulimie avec vomissements o\u00f9 le poids est normal ou l\u00e9g\u00e8rement inf\u00e9rieur \u00e0 la normale et qui correspond aux deux tiers des cas la boulimie sans vomissement o\u00f9&#8230; <a class=\"more-link\" href=\"https:\/\/aboccitanie.fr\/?page_id=508\">Continue Reading &rarr;<\/a><\/p>\n","protected":false},"author":1,"featured_media":810,"parent":0,"menu_order":0,"comment_status":"closed","ping_status":"closed","template":"","meta":{"footnotes":""},"class_list":["post-508","page","type-page","status-publish","has-post-thumbnail","hentry"],"_links":{"self":[{"href":"https:\/\/aboccitanie.fr\/index.php?rest_route=\/wp\/v2\/pages\/508","targetHints":{"allow":["GET"]}}],"collection":[{"href":"https:\/\/aboccitanie.fr\/index.php?rest_route=\/wp\/v2\/pages"}],"about":[{"href":"https:\/\/aboccitanie.fr\/index.php?rest_route=\/wp\/v2\/types\/page"}],"author":[{"embeddable":true,"href":"https:\/\/aboccitanie.fr\/index.php?rest_route=\/wp\/v2\/users\/1"}],"replies":[{"embeddable":true,"href":"https:\/\/aboccitanie.fr\/index.php?rest_route=%2Fwp%2Fv2%2Fcomments&post=508"}],"version-history":[{"count":1,"href":"https:\/\/aboccitanie.fr\/index.php?rest_route=\/wp\/v2\/pages\/508\/revisions"}],"predecessor-version":[{"id":1322,"href":"https:\/\/aboccitanie.fr\/index.php?rest_route=\/wp\/v2\/pages\/508\/revisions\/1322"}],"wp:featuredmedia":[{"embeddable":true,"href":"https:\/\/aboccitanie.fr\/index.php?rest_route=\/wp\/v2\/media\/810"}],"wp:attachment":[{"href":"https:\/\/aboccitanie.fr\/index.php?rest_route=%2Fwp%2Fv2%2Fmedia&parent=508"}],"curies":[{"name":"wp","href":"https:\/\/api.w.org\/{rel}","templated":true}]}}