{"id":437,"date":"2018-03-27T18:41:18","date_gmt":"2018-03-27T18:41:18","guid":{"rendered":"https:\/\/ftpabmp31.wordpress.com\/?page_id=437"},"modified":"2018-03-27T18:41:18","modified_gmt":"2018-03-27T18:41:18","slug":"nos-objectifs","status":"publish","type":"page","link":"https:\/\/aboccitanie.fr\/?page_id=437","title":{"rendered":"Nos objectifs"},"content":{"rendered":"<div align=\"center\"><\/div>\n<h3 align=\"center\"><span style=\"color:#339966;\">Sensibiliser &#8211; Informer &#8211; Orienter<\/span><\/h3>\n<p>&nbsp;<\/p>\n<ul>\n<li>Aider les familles et les proches confront\u00e9s \u00e0 l&rsquo;anorexie et\/ou \u00e0 la boulimie<\/li>\n<\/ul>\n<p>&nbsp;<\/p>\n<ul>\n<li>Aider les malades \u00e0 trouver des lieux de soins adapt\u00e9s<\/li>\n<\/ul>\n<p>&nbsp;<\/p>\n<ul>\n<li>Rompre l&rsquo;isolement en d\u00e9veloppant un r\u00e9seau d&rsquo;\u00e9change et de solidarit\u00e9<\/li>\n<\/ul>\n<p>&nbsp;<\/p>\n<ul>\n<li>Apporter \u00e0 chacun pr\u00e9sence, \u00e9coute et soutien<\/li>\n<\/ul>\n<p>&nbsp;<\/p>\n<ul>\n<li>Aider \u00e0 la mobilisation des ressources familiales pendant l&rsquo;\u00e9preuve<\/li>\n<\/ul>\n<p>&nbsp;<\/p>\n<ul>\n<li>Mobiliser les pouvoirs publics dans la prise en charge de ces maladies<\/li>\n<\/ul>\n","protected":false},"excerpt":{"rendered":"<p>Sensibiliser &#8211; Informer &#8211; Orienter &nbsp; Aider les familles et les proches confront\u00e9s \u00e0 l&rsquo;anorexie et\/ou \u00e0 la boulimie &nbsp; Aider les malades \u00e0 trouver des lieux de soins adapt\u00e9s &nbsp; Rompre l&rsquo;isolement en d\u00e9veloppant un r\u00e9seau d&rsquo;\u00e9change et de&#8230; <a class=\"more-link\" href=\"https:\/\/aboccitanie.fr\/?page_id=437\">Continue Reading &rarr;<\/a><\/p>\n","protected":false},"author":1,"featured_media":0,"parent":0,"menu_order":0,"comment_status":"closed","ping_status":"closed","template":"","meta":{"footnotes":""},"class_list":["post-437","page","type-page","status-publish","hentry"],"_links":{"self":[{"href":"https:\/\/aboccitanie.fr\/index.php?rest_route=\/wp\/v2\/pages\/437","targetHints":{"allow":["GET"]}}],"collection":[{"href":"https:\/\/aboccitanie.fr\/index.php?rest_route=\/wp\/v2\/pages"}],"about":[{"href":"https:\/\/aboccitanie.fr\/index.php?rest_route=\/wp\/v2\/types\/page"}],"author":[{"embeddable":true,"href":"https:\/\/aboccitanie.fr\/index.php?rest_route=\/wp\/v2\/users\/1"}],"replies":[{"embeddable":true,"href":"https:\/\/aboccitanie.fr\/index.php?rest_route=%2Fwp%2Fv2%2Fcomments&post=437"}],"version-history":[{"count":0,"href":"https:\/\/aboccitanie.fr\/index.php?rest_route=\/wp\/v2\/pages\/437\/revisions"}],"wp:attachment":[{"href":"https:\/\/aboccitanie.fr\/index.php?rest_route=%2Fwp%2Fv2%2Fmedia&parent=437"}],"curies":[{"name":"wp","href":"https:\/\/api.w.org\/{rel}","templated":true}]}}

<div align="center"></div>
<h3 align="center"><span style="color:#339966;">Sensibiliser &#8211; Informer &#8211; Orienter</span></h3>
<p>&nbsp;</p>
<ul>
<li>Aider les familles et les proches confrontés à l&rsquo;anorexie et/ou à la boulimie</li>
</ul>
<p>&nbsp;</p>
<ul>
<li>Aider les malades à trouver des lieux de soins adaptés</li>
</ul>
<p>&nbsp;</p>
<ul>
<li>Rompre l&rsquo;isolement en développant un réseau d&rsquo;échange et de solidarité</li>
</ul>
<p>&nbsp;</p>
<ul>
<li>Apporter à chacun présence, écoute et soutien</li>
</ul>
<p>&nbsp;</p>
<ul>
<li>Aider à la mobilisation des ressources familiales pendant l&rsquo;épreuve</li>
</ul>
<p>&nbsp;</p>
<ul>
<li>Mobiliser les pouvoirs publics dans la prise en charge de ces maladies</li>
</ul>

<p>Sensibiliser &#8211; Informer &#8211; Orienter &nbsp; Aider les familles et les proches confrontés à l&rsquo;anorexie et/ou à la boulimie &nbsp; Aider les malades à trouver des lieux de soins adaptés &nbsp; Rompre l&rsquo;isolement en développant un réseau d&rsquo;échange et de&#8230; <a class="more-link" href="https://aboccitanie.fr/?page_id=437">Continue Reading &rarr;</a></p>
