{"id":24,"date":"2018-02-18T13:04:49","date_gmt":"2018-02-18T13:04:49","guid":{"rendered":"https:\/\/ftpabmp31.wordpress.com\/?page_id=3"},"modified":"2018-06-04T11:36:41","modified_gmt":"2018-06-04T09:36:41","slug":"contact","status":"publish","type":"page","link":"https:\/\/aboccitanie.fr\/?page_id=24","title":{"rendered":"Nous contacter"},"content":{"rendered":"<h3 style=\"text-align: center;\"><span style=\"color: #339966;\">Vous avez une question, une demande d&rsquo;information, ou tout simplement l&rsquo;envie de nous rencontrer ? <\/span><\/h3>\n<h3 style=\"text-align: center;\"><span style=\"color: #339966;\">N&rsquo;h\u00e9sitez pas \u00e0 nous laisser vos coordonn\u00e9es et nous vous r\u00e9pondrons aussit\u00f4t\u00a0<\/span><\/h3>\n<h1 class='scf-title'>Demande d'informations<\/h1> <div id=\"send\"><\/div> <form class=\"scf-form\" action=\"\/index.php?rest_route=%2Fwp%2Fv2%2Fpages%2F24\" method=\"post\"><div>Nom - Pr\u00e9nom <span class='required'><\/span><\/div><input type=\"text\" name=\"seos-name\" value=\"\" size=\"50\" \/><\/p><p><div>N\u00b0 T\u00e9l.<\/div><input type=\"text\" name=\"seos-phone\" pattern=\"[0-9 ]+\" value=\"\" size=\"50\" \/><\/p><p><div>Mail<\/div><input type=\"email\" name=\"seos-email\" value=\"\" size=\"50\" \/><\/p><br \/><p><div>Objet <span class='required'><\/span><\/div><input type=\"text\" name=\"seos-subject\" value=\"\" size=\"50\" \/><\/p><p><div>V\/message <span class='required'><\/span><\/div><textarea rows=\"10\" cols=\"50\" name=\"seos-message\"><\/textarea><\/p><p> <br\/><input class=\"noselect\" type=\"text\" name=\"rand\" value=\"4+10\" readonly=\"readonly\" \/><label class=\"scf-sum\"> Entrer le nombre <\/label><input type=\"text\" name=\"text\" value=\"\" \/> <span class='required'><\/span><\/p><p><input type=\"submit\" name=\"seos-submitted\" value=\"Envoyer\"><\/p><\/form>\n","protected":false},"excerpt":{"rendered":"<p>Vous avez une question, une demande d&rsquo;information, ou tout simplement l&rsquo;envie de nous rencontrer ? N&rsquo;h\u00e9sitez pas \u00e0 nous laisser vos coordonn\u00e9es et nous vous r\u00e9pondrons aussit\u00f4t\u00a0<\/p>\n","protected":false},"author":1,"featured_media":883,"parent":0,"menu_order":2,"comment_status":"closed","ping_status":"closed","template":"","meta":{"footnotes":""},"class_list":["post-24","page","type-page","status-publish","has-post-thumbnail","hentry"],"_links":{"self":[{"href":"https:\/\/aboccitanie.fr\/index.php?rest_route=\/wp\/v2\/pages\/24","targetHints":{"allow":["GET"]}}],"collection":[{"href":"https:\/\/aboccitanie.fr\/index.php?rest_route=\/wp\/v2\/pages"}],"about":[{"href":"https:\/\/aboccitanie.fr\/index.php?rest_route=\/wp\/v2\/types\/page"}],"author":[{"embeddable":true,"href":"https:\/\/aboccitanie.fr\/index.php?rest_route=\/wp\/v2\/users\/1"}],"replies":[{"embeddable":true,"href":"https:\/\/aboccitanie.fr\/index.php?rest_route=%2Fwp%2Fv2%2Fcomments&post=24"}],"version-history":[{"count":2,"href":"https:\/\/aboccitanie.fr\/index.php?rest_route=\/wp\/v2\/pages\/24\/revisions"}],"predecessor-version":[{"id":1052,"href":"https:\/\/aboccitanie.fr\/index.php?rest_route=\/wp\/v2\/pages\/24\/revisions\/1052"}],"wp:featuredmedia":[{"embeddable":true,"href":"https:\/\/aboccitanie.fr\/index.php?rest_route=\/wp\/v2\/media\/883"}],"wp:attachment":[{"href":"https:\/\/aboccitanie.fr\/index.php?rest_route=%2Fwp%2Fv2%2Fmedia&parent=24"}],"curies":[{"name":"wp","href":"https:\/\/api.w.org\/{rel}","templated":true}]}}